ppose 5*k = -5*c + 5520, 2*k - r*c - 140 = 2098. Is k a prime number?
True
Let l(f) = f + 7. Let y be l(-5). Let b be -1735*441/(-105)*(-3)/(-1). Suppose -7*n + b = y*n. Is n prime?
False
Let r(d) = 88*d**2 + 2*d + 17. Let u be r(-4). Let n = u + 190. Suppose n = 5*b + 2*g, 3*b + 2*g - 454 = 511. Is b prime?
False
Suppose -w = -4*r + 219085, r - 2*w - 16835 - 37924 = 0. Is r a prime number?
True
Let b be 1807*20/(8 - 4). Let k = b + -4200. Is k prime?
False
Let k(r) be the third derivative of -325/24*r**4 - 4/3*r**3 + 0 + 0*r - 13*r**2. Is k(-1) a prime number?
True
Suppose 2*u - 23 = -2*u + m, -3*u + 20 = 2*m. Let l(s) = s**2 + 10. Let y be l(u). Is -1 - ((-4)/(-4) - (3 + y)) a composite number?
False
Let q(x) = 4*x**3 - 13*x**2 - 18*x - 5. Suppose 6 = 4*l - 6, -5*b = -l - 52. Let u be q(b). Is (u/9 - (-2)/(-9)) + 3 a prime number?
True
Let d(s) = 2182*s - 69. Suppose 9 = -4*t + 29. Is d(t) composite?
True
Suppose 0 = -2*k + 3*g + 152804, -819*g - 381947 = -5*k - 822*g. Is k composite?
True
Suppose 4*v - 15845 + 163119 = 2*q, -4*v = 5*q - 368213. Is q prime?
False
Is (2 - 3)*(-45 - 158948) composite?
False
Let l(w) = 111*w + 1676. Let h be l(-15). Suppose 0 = 5*u + 2*o - 154 - 128, o + 55 = u. Let q = h + u. Is q prime?
True
Suppose -115*l - 212126 = -870271. Is l prime?
False
Let w(x) = -149*x**3 + 15*x**2 + 22*x + 9. Is w(-7) composite?
True
Let k = 1721465 - 1188016. Is k prime?
False
Suppose 53762872 = -195*g + 293856037. Is g a prime number?
True
Is ((30/(-18))/5)/((0 + 2)/(-657348)) composite?
True
Suppose -3*x + s + 1683037 = 0, -2*x + 1122030 = 9*s - 7*s. Is x prime?
False
Suppose -5*c + 4624 - 1029 = 3*r, -4*c + 2876 = -5*r. Let k = c - 496. Is k a prime number?
True
Suppose 30*u = 33*u - 48. Suppose -13173 - 17659 = -u*v. Is v a composite number?
True
Is 1423808/(4 + 4) - (12 - 3) prime?
True
Suppose 0 = -38*a - a - 1053. Is ((-360672)/(-27) - (-6)/a) + -3 composite?
True
Suppose -3*z = -4*q + 1421 - 17842, 3*q = 5*z - 27361. Is z a prime number?
True
Suppose m + 158671 = 2*o, -2*m = -10*o + 9*o + 79343. Is o a prime number?
True
Let a = -1421 - -2894. Let s = 574 - a. Let p = -502 - s. Is p a composite number?
False
Suppose 4*h - 11 = -2*m - 5, -2*h + 9 = -5*m. Suppose 17723 = -h*u + 39*u. Is u a prime number?
True
Suppose 2564 = 5*b + 494. Suppose l = 4*u + 591, -4*u - 4*l - 186 - 430 = 0. Let z = b + u. Is z a composite number?
True
Let h = 445467 - 95948. Is h composite?
False
Let q(c) be the second derivative of -c**5/20 + 31*c**4/12 + 65*c**3/6 - 45*c**2/2 + 2*c + 45. Is q(28) a composite number?
False
Let t(j) = 8830*j**2 + 4*j + 27. Let y be t(4). Suppose -29*r = -16*r - y. Is r a composite number?
True
Let a be 2*(0 - 180/(-8)). Is (a/6)/(-5)*21558/(-9) a prime number?
True
Let c(f) = -86*f**3 + 7*f**2 + 36*f - 15. Let u be c(13). Is u/(-21)*(9/2)/3 a composite number?
True
Let n = -328292 + 547297. Is n a prime number?
False
Let l(k) = k**2 + 16*k - 22. Let g be l(-12). Let a = g + 86. Suppose a = u + 5*r - 246, 5*r + 509 = 2*u. Is u a composite number?
False
Suppose -43 + 235 = 12*b. Suppose b*s - 41401 = -3*s. Is s a prime number?
True
Suppose -6*z = 13*z + 23636. Let j = z - -2155. Is j a prime number?
True
Let s(y) = 73*y**3 + 10*y**2 - 22*y + 162. Is s(8) a prime number?
False
Let v = -14 + 17. Let b(u) = 2 + 198*u**2 + v*u + 6*u**2 + 471*u**2. Is b(-1) prime?
False
Is (0/(-1) - -15)/(234/4033614) a composite number?
True
Let h(a) = 22171*a + 1832. Is h(5) a composite number?
False
Suppose -5*f = 2*r - 1035835, 20*f - 15*f + 4*r - 1035835 = 0. Is f a composite number?
True
Suppose -4*f - 3*t = -317163 - 119492, 4*t - 327493 = -3*f. Is f prime?
False
Let t = -7 - -56. Suppose -3*n - t = -g + 562, -5*g + 2995 = -3*n. Suppose -9*r + g = -1393. Is r a composite number?
True
Let y(s) = -3*s**3 - 367*s**2 - 182*s - 421. Is y(-123) prime?
True
Let r be ((-9)/6)/((-12)/3928)*-1. Let j = 3587 - r. Is j composite?
True
Let l(x) = 3583*x**2 + 124*x + 497. Is l(-4) a composite number?
False
Suppose -46710 - 36829 = -8*a + 217429. Is a a composite number?
True
Let k be -1*(-5346)/(-114) - (-4)/(-38). Let j = 42 - k. Is j a prime number?
True
Let f(d) = -996*d**3 - 4*d**2 + 36*d + 11. Is f(-5) a prime number?
True
Let f = -71269 + 124818. Is f composite?
False
Let i = 35293 - 13590. Is i prime?
False
Let w = -53 + 56. Suppose -w*a - 3*f + 9450 = 0, -4*f - 2417 - 10159 = -4*a. Suppose -7*q + a = 788. Is q a composite number?
False
Let i = 793358 + -263761. Is i a prime number?
False
Let u be (6302/69)/(2/3). Let w = u - -704. Is w a composite number?
True
Let y(q) = q + 80. Let t be y(-13). Suppose 0 = p + 5*w - t - 101, -3*w - 271 = -2*p. Is p prime?
False
Let b(i) = -i + 5. Let m be b(2). Is 206*21/18*m a prime number?
False
Suppose -2*h + 4*t = -51230, 3*h - 8*t - 76835 = -12*t. Is h prime?
False
Let i(r) = -3*r**3 + 10*r**2 - 26*r - 58. Let s be -6*(-20)/(-30) + -1*13. Is i(s) a prime number?
True
Let l(o) = -18*o**2 + 2*o - 2*o - 4*o + 9 + 698*o**2. Let s be l(3). Suppose 0 = 6*z - 9*z + s. Is z a prime number?
True
Let y = 19607 - 6718. Is y a prime number?
True
Suppose -3*q = 2*p - 23, -19 = -10*q + 7*q + 2*p. Suppose q*n - 11127 = 4*n. Is n prime?
True
Suppose 4*u + a + 8 = 0, a + 27 = -5*u + 4*a. Is (-7214)/u*(-63)/(-42) a composite number?
False
Let s = 1382 - 839. Suppose -4*x - 3*p + 1653 = -x, -p - s = -x. Is x prime?
True
Suppose 0 = -3*x - c + 12376, 112*x + 4102 = 113*x + 5*c. Is x composite?
False
Suppose 0 = -3*f + 2*f + 27. Suppose 0 = f*p - 117090 + 32877. Is p a composite number?
False
Suppose 11*t - 5*t = 396. Is ((-4)/7)/(t/(-9471)) a composite number?
True
Let z be (29/(261/918))/(0 + -1). Is (z/12)/(-17)*7226 composite?
False
Suppose p - 354274 = 71*k - 68*k, -4*k = 4*p - 1416952. Is p a composite number?
False
Let m = -119 + 119. Let x(b) = b**3 - b + 1481. Is x(m) a composite number?
False
Let x(o) = 76*o - 9. Let t(q) = 3*q + 80. Let a be t(-20). Is x(a) a composite number?
False
Suppose 0 = -7*n + 34128 + 4533. Suppose -2*q + 0*m = -3*m - 3683, 0 = 3*q - 4*m - n. Is q prime?
False
Is (-297)/(-135) + (-859104)/(-80) prime?
False
Let s(k) = 2233*k + 544. Is s(31) a composite number?
False
Let q(l) = 2*l**3 + 8*l - 7. Let n be q(5). Let o = 1249 - 1246. Suppose n = 5*b + 3*r - 132, -332 = -4*b + o*r. Is b composite?
False
Let a(b) = 3510*b - 9527. Is a(138) prime?
False
Let x(g) = -3*g + 7*g + 15*g**2 - 3 - 6*g**2 - 17*g. Is x(14) composite?
False
Suppose -3*k + 22 = -2*h, -4*k + 2*h + 45 - 19 = 0. Suppose -k*r = -5*a + 16117, 5*a + 5940 = -5*r + 22030. Is a prime?
True
Let t = -1418073 - -2494030. Is t composite?
False
Let c = -5611 + 1841. Let o = -2579 - c. Is o composite?
True
Let n = -87236 - -177463. Is n a composite number?
False
Let h(r) = 6*r**3 - 7*r**2 + 9*r - 12. Let f be h(5). Suppose -f = -i - i. Suppose 2*x + 304 = 5*c - 1297, 0 = -c - 5*x + i. Is c composite?
True
Let k = 18659 - 26700. Let u = k + 14426. Is u a prime number?
False
Let p be (-1 + 1*-2)*(-110)/(-165). Is ((-30238)/(-65))/(p/(-55)) a prime number?
False
Let s = 194542 - 102483. Is s composite?
True
Let l be 46/(-299) - (-62170)/26. Let f = l - 508. Is f a prime number?
False
Let a(o) = 10522*o**3 + 2*o**2 + 20*o - 45. Is a(3) prime?
False
Suppose 20*u - 18*u = 86. Suppose -2 - u = -9*q. Suppose 1060 = -w + q*w. Is w a prime number?
False
Let u(d) be the second derivative of -d**5/20 - 4*d**4/3 - 3*d**3 + 4*d**2 + 33*d. Let v be u(-14). Let t = 549 - v. Is t a composite number?
True
Suppose 0 = -r - 12263 + 57090. Is r a prime number?
False
Suppose -14 = 17*j - 18*j. Suppose -j*a + 2*a = -84. Suppose a*w + 4*v - 395 = 2*w, -5*w - 5*v = -390. Is w a composite number?
False
Suppose -19*n + 11*n = -13448. Suppose n = m - 7282. Is m prime?
True
Let z = 72186 + -39413. Is z composite?
True
Let o(l) = -7 + 0*l**3 - 54*l**2 + l**3 + 65*l**2 - 15*l. Let x be o(-10). Suppose 4*b - 337 - x = 0. Is b composite?
True
Suppose -2950 - 18302 = -11*c. Suppose 3*d - 3*m - 1962 = 0, 3*d + m = -2*m + c. Is d a prime number?
False
Let d = 1344 - 954. Let u be d*(-4 + 5 - 0). Suppose 3*s + 4*a - u = 0, 7*s - 11*s + 2*a = -542. Is s a composite number?
True
Suppose -470670 = -45*a + 15*a. Is a a composite number?
True
Let k = 85384 + -57537. Is